n factor of j and f?
17
Suppose j + 0*j + 5*v - 110 = 0, -2*j - 3*v + 248 = 0. Calculate the highest common divisor of 20 and j.
10
Let d = -8 + 10. Suppose -t + 1 = -d. What is the greatest common factor of 3 and t?
3
Suppose -4*l + f - 265 = -7*l, 2*f = -10. Calculate the highest common factor of l and 765.
45
Let p(x) = 2*x**3 + 15*x**2 + x - 18. Suppose -63 = -0*h + 9*h. Let l be p(h). Calculate the greatest common factor of 6 and l.
6
Let g(j) = -4*j**3 - j**2 + 13*j + 13. Let q be g(-4). Calculate the highest common divisor of q and 469.
67
Suppose -3*x = a - 24, 12 = 2*a - 2*x - x. Suppose 0*v = -9*v - 5922. Let t be 6/a - v/4. Calculate the greatest common factor of t and 15.
15
Suppose j = 0, -4*j = -4*z + 3*z + 54. Let y be -69 + 85 + (-1*4)/(-2). What is the greatest common factor of z and y?
18
Let v be (-7)/(-35) - (-177)/15. Let i be (v + 5 + -2)/1. What is the highest common divisor of i and 5?
5
Let j(b) be the third derivative of -b**4/12 - 4*b**3/3 + 17*b**2. Let l be j(-5). Calculate the greatest common factor of l and 5.
1
Suppose 0 = -23*i + 2889 - 198. Calculate the greatest common divisor of i and 27.
9
Let g be 4/(-10) - 85/(-25). Suppose 66 = 5*w + 2*p, w + p - g*p = 18. Suppose -137 = 4*n - 753. Calculate the greatest common divisor of w and n.
14
Let y(t) = -13*t**3 - t**2 - 2*t. Suppose 4*o - 5*o - 1 = 0. Let a be y(o). What is the greatest common factor of 98 and a?
14
Suppose 5*y - 210 = -4*i, -2*i + 64 - 148 = -2*y. Calculate the greatest common divisor of y and 66.
6
Suppose -5*j + 2 = 3*s, -5 = -5*s - 5*j + 15. Suppose z - 4*z = -s. Let d be 6/(-9)*(-18 + 0). Calculate the highest common divisor of d and z.
3
Let a = 353 - 326. Calculate the highest common divisor of a and 297.
27
Let m be 21 + (-1)/(-4)*20. Let w = -280 + 565. Suppose 0 = -4*d - 25 + w. Calculate the highest common factor of d and m.
13
Suppose -2049 = 9*c - 10464. Calculate the highest common divisor of 34 and c.
17
Suppose 0 = 9*o + 130 - 3937. Let k(i) = 11*i + 3. Let q be k(4). Calculate the greatest common divisor of q and o.
47
Suppose 5*w - 10 = -3*n + 13, -2 = -2*n. Suppose 5*b = -j + 232, w*b - 2*j - 3*j - 174 = 0. Calculate the greatest common factor of 115 and b.
23
Let l be (4/5)/(14/1435). Suppose -5*a + 503 = -l. Suppose 17*t = 69 + 152. Calculate the greatest common divisor of t and a.
13
Suppose 0*l + l - 32 = 0. Let t(z) = 2*z**2 - 17*z + 168. Let x be t(8). Calculate the greatest common divisor of x and l.
32
Let g(n) = -5*n + 38. Let w be g(0). What is the greatest common divisor of 76 and w?
38
Let x(z) = z**2 - z - 3. Let k be x(-3). Let m = -75 + 111. Calculate the highest common factor of k and m.
9
Let a(y) = y**3 + 65*y**2 + 125*y - 28. Let f be a(-63). Calculate the greatest common factor of 28 and f.
7
Suppose -4*x = 3*o - 6*o - 105, 3*x - 75 = o. Let j be (32 - -2) + -3 + 5. Calculate the highest common factor of j and x.
12
Suppose -6*m = -278 - 424. Let d be -1*1*(-26)/2. What is the greatest common factor of m and d?
13
Let x(b) = 13*b**2 - 33*b**2 + 16*b**2 - 2 + 14*b**2. Let z be x(-1). What is the greatest common divisor of 8 and z?
8
Suppose 26*h = 62*h - 1980. What is the greatest common factor of 20 and h?
5
Suppose -5*t - 3*q = 0, 2*t - 3*q - 21 = -0*q. Suppose t*z = -3*z + 18. Calculate the highest common factor of z and 1.
1
Suppose 0 = -4*y - 576 + 1008. What is the highest common divisor of y and 60?
12
Let r = 130 + -134. Let q(h) = -5 + 3*h**2 + h**2 - 2*h - 2*h**2. Let l be q(r). What is the highest common factor of 5 and l?
5
Suppose 0*t = 2*t + 4*t. Suppose -10*p + 101 + 259 = t. What is the greatest common divisor of 8 and p?
4
Let z(d) = -d**2 - 54*d + 139. Let q be z(-55). Calculate the greatest common divisor of 96 and q.
12
Let n = -55 - -169. What is the greatest common divisor of n and 76?
38
Let m(p) = -61*p - 343. Let x be m(-6). Calculate the greatest common divisor of 161 and x.
23
Suppose 0 = -2*r - 0*r + 90. Suppose -2 = -l + 2*c, -3*l + 0*c + 11 = -c. Suppose -45 = -l*u - u. What is the greatest common factor of u and r?
9
Suppose 9 = -n - 4*j, 4*n + 2*j = -1 + 35. Suppose -d + 148 - 15 = 0. Let m = 210 - d. What is the greatest common divisor of n and m?
11
Let q(a) = 7*a**3 + a**2 + 4*a - 20. Let z be q(5). Calculate the highest common factor of z and 200.
100
Let s = -109 + 237. What is the highest common factor of s and 8?
8
Let m be (0 - (1 + -2)) + 4. Suppose 2*g - s = 26, 3*g + 65 = 6*g + m*s. Calculate the greatest common divisor of g and 15.
15
Let b be (-2)/21 + 30012/252. Calculate the greatest common divisor of 85 and b.
17
Let y be (-34)/10 + 8/20 - -9. Let u be (6/4 - -3)*52/y. Let i(m) = 5*m - 4. Let x be i(6). Calculate the greatest common divisor of u and x.
13
Let x be (30/(-45))/(10/(-585)). Calculate the greatest common factor of x and 910.
13
Let f be 45 + -45 - (-190 - (1 - 3)). What is the greatest common divisor of 329 and f?
47
Suppose 7*a = 6*a + 5. Suppose -2*q + 4*f = -f + 5, 4*q + a = 5*f. Let h be (-13 - -10) + (18 - q). What is the highest common factor of 135 and h?
15
Suppose -33*c = -35*c + 504. What is the highest common divisor of c and 30?
6
Let p be -3 + 23 + 4 + -9. Calculate the greatest common divisor of p and 65.
5
Let x(p) = -95*p**3 - 15*p**2 - 16*p. Let a be x(-1). Suppose -4*i - 32 = -2*f - 0*i, -4*f + 56 = -4*i. What is the greatest common divisor of a and f?
12
Suppose -28*c + 252 = 35*c. What is the greatest common divisor of 92 and c?
4
Let n be (13 - 385/33) + (-140)/(-3). What is the greatest common divisor of 128 and n?
16
Let m be (5/4 + -2)*-12. Let s = 31 - m. Calculate the greatest common divisor of 88 and s.
22
Suppose 5*m + 9 = 2*j, -132*j - 2*m = -133*j + 6. Calculate the highest common divisor of 222 and j.
6
Let s(u) = -u**3 + 5*u**2 + 7*u - 7. Let v be ((-2)/(-6))/(3/45). Let k be s(v). Let y be 11 - 6 - (-3 - -4). What is the highest common factor of y and k?
4
Let o(m) = -11*m - 7. Let r = -6 + 1. Let h be o(r). Suppose 69*a = 151*a - 74*a - 96. What is the greatest common divisor of h and a?
12
Let h = -742 - -745. Suppose 75 = 5*q - 40. Suppose 53 = h*r + q. What is the highest common divisor of r and 110?
10
Suppose 7 = 21*t - 14. Suppose -2*l - l = 2*u + 12, -4*l = -3*u - 18. Let m be (-1)/3 + (-44)/u. What is the greatest common divisor of t and m?
1
Let k(j) = j**2 - 5*j + 3. Let q be k(12). What is the greatest common divisor of q and 319?
29
Let m = 456 + -252. Calculate the highest common divisor of m and 51.
51
Suppose 2694 = 14*x + 594. What is the greatest common factor of 250 and x?
50
Let n(t) = t**2 + 19*t + 51. Let i be n(0). Calculate the highest common divisor of 136 and i.
17
Suppose -30 = 3*d + 5*u, 5*u + 28 = -2*d + 8. Let z be (-134)/(-5) + (-2)/d. Calculate the highest common factor of 216 and z.
27
Let n be 71 + -4 + 3 + -5. What is the highest common factor of 5 and n?
5
Let f(s) = 2*s**3 + 2*s**2 - 96*s. Let k be f(-7). What is the highest common divisor of 105 and k?
21
Let g(c) = 6*c**2 - 3*c + 3. Let w be g(3). Suppose 3*o + 7*b - w = 2*b, 0 = o + b - 16. What is the greatest common factor of o and 16?
16
Let p(x) be the first derivative of -x**4/4 + 6*x**3 + 9*x**2 + 27*x + 47. Let t be p(19). Suppose w - 1 - 87 = 0. What is the highest common factor of w and t?
8
Let o be 3/6 - (-2)/4. Let x = 6 - -2. Let g(q) = q**2 - 6*q - 7. Let m be g(x). Calculate the highest common divisor of o and m.
1
Let u(h) = 4*h + 28. Let z(a) = -a**2 - 8*a - 3. Let q be z(-7). Let c be u(q). What is the highest common divisor of 22 and c?
22
Let q be ((-10)/(-25))/(1/5). Let k = 3 + 2. Suppose 5*s + k*g - 7 - 13 = 0, 4*g - 20 = -5*s. Calculate the greatest common factor of q and s.
2
Suppose 0 = 15*c + 90 - 480. Suppose q = 30 + 35. What is the greatest common factor of q and c?
13
Suppose 6*b - 74 - 58 = 0. Let x(d) = d**3 + 5*d**2 + 2*d - 1. Suppose 5*s = -1 - 14. Let v be x(s). What is the greatest common factor of v and b?
11
Let k be ((-27)/(-6))/((-17)/34). Let g be 2/3 + (-1)/(-3). Let y be 18*(g - 3/k). What is the highest common factor of 24 and y?
24
Let o be -2 + -2 + 10 + -4. Suppose -98 = -o*a - 2*b, 0 = 2*a + 5*b + 74 - 187. What is the highest common factor of 88 and a?
44
Let j = 14 - -36.